e remainder when 575 is divided by g.
31
Let v = 157 + -140. Let f(j) = 2*j + 107. Calculate the remainder when f(-20) is divided by v.
16
Let q = 643 - 640. Suppose q*f - 482 = 5*h + 55, 2*f = h + 358. What is the remainder when f is divided by 20?
19
Suppose 0*c - 75 = -3*c. Suppose -9*m = -5*m - 12. Suppose -5*y + 73 - m = 0. Calculate the remainder when c is divided by y.
11
Calculate the remainder when 668 is divided by 132 - (-2 + (-1 + 1)/(-1 + 0)).
132
Let a(r) = -12*r - 117. Calculate the remainder when 748 is divided by a(-21).
73
Suppose -4*l + 250 + 16 = -2*c, 5*l = 2*c + 334. Suppose 4*s - 134 = -5*b, 4*b + 1697 = 56*s - 327. Calculate the remainder when l is divided by s.
32
Suppose -10687 = -11*r + 10939. Calculate the remainder when r is divided by 48.
46
Suppose -2 + 4 = 2*r. Let l(s) = 56*s**3 + 2*s**2 - 2*s + 1. Suppose 1 = p, 5*b + 16*p - 78 = 13*p. What is the remainder when l(r) is divided by b?
12
Let n = 437 + -433. Suppose 0 = -0*l - 2*l + 4*x + 180, l = -n*x + 96. Calculate the remainder when l is divided by 40.
12
Suppose 5*a - k - 130 = 0, -5 = 2*k - 3*k. Suppose -30 - 365 = -26*c + 99. Calculate the remainder when a is divided by c.
8
Suppose 7*m - 342 = 4*m. Let t = 154 - m. What is the remainder when 317 is divided by t?
37
Suppose -29*s - 105568 + 106989 = 0. What is the remainder when s is divided by 29?
20
Suppose -4*z - 1004 = -4*y, 0 = -y + 24*z - 26*z + 233. Calculate the remainder when y is divided by 71.
32
Let t(u) = u**2 - u - 5. Let v be t(4). Suppose 0 = v*k - 4 + 4. Calculate the remainder when 27 is divided by 7/((-98)/77)*(k + -2).
5
Suppose -4*q + 22 - 6 = 0. Let v(h) = -21*h + 117. What is the remainder when 124 is divided by v(q)?
25
Let t(f) = -5*f**3 - 43*f**2 - 13*f - 40. Calculate the remainder when t(-9) is divided by 74.
17
Let g = -328 + 236. Let s = g - -97. What is the remainder when 9 is divided by s?
4
Let g be 3 - 7/(7/(-33)). Let y = g + 39. Suppose 7*j - y = 30. What is the remainder when 178 is divided by j?
13
Let w(k) = 4*k**3 + 97*k**2 - 17*k - 33. Calculate the remainder when w(-24) is divided by 32.
23
Let u(f) = -23*f + 262. Let y be u(11). Let s = 34 - 16. Calculate the remainder when -4*(y/2)/(60/(-170)) is divided by s.
15
Let b be (-6 + 4)/(2 - (-478)/(-238)). Suppose -56 + b = 2*m. Calculate the remainder when m is divided by 48.
43
Let r be (6/5)/(60/150). Suppose 3*o + r*c = 333 + 81, -2*o + 304 = -5*c. What is the remainder when o is divided by 36?
34
Let t be -5 - 68/(-12) - 7/(-3). Suppose 0*m - 30 = -t*m. Suppose 3*o = m*a - 9*a - 14, 0 = -a - o + 22. What is the remainder when a is divided by 12?
8
Let r = -90 - -248. Let y = 117803 + -117775. What is the remainder when r is divided by y?
18
Suppose u + 164 = 5*u. Let v = 370 + -240. Let j = -116 + v. Calculate the remainder when u is divided by j.
13
Let g = -14 - -34. Calculate the remainder when 98 is divided by (-1)/(-4) + 655/g.
32
Suppose -940 = -12*t + 7*t. Calculate the remainder when 94 is divided by t/8 - ((-3)/2)/(-1).
6
Let s(m) = -2*m**3 - 9*m**2 + 11*m - 6. Let l(p) = 3*p**2 + 15*p + 64. Calculate the remainder when l(-10) is divided by s(-6).
34
Let a(z) = 1 + 2 - 4*z**3 - 21*z - 11*z**3 + 11*z**2 + 14*z**3. What is the remainder when 60 is divided by a(4)?
29
Let n = -282 - -298. Suppose -8*i - 256 = -n*i. What is the remainder when i is divided by 5?
2
Let h be (-2 - (-1169)/77) + (-8)/44. Suppose -1355 = -h*l - 289. What is the remainder when l is divided by 21?
19
Suppose 4*t + 84 = -d + 6*d, -44 = 2*t - 3*d. What is the remainder when 80 is divided by (-5)/20 - 308/t?
4
Suppose 23 = 8*a - 73. Let p(n) = -7*n + 96. Calculate the remainder when 45 is divided by p(a).
9
Suppose 0 = 46*p - 51 - 1927. Calculate the remainder when (-1 - 1 - -121) + 4 is divided by p.
37
Let k(r) = 11*r - 137. Let o = -133 - -149. Calculate the remainder when k(o) is divided by 23.
16
Let j = -142 + 140. What is the remainder when 48 is divided by (2/j - 2) + 52 + -32?
14
Suppose 2*t + 8 = 0, 6*t = -b + 4*t + 2862. Suppose 0 = 24*z - 34*z + b. Calculate the remainder when z is divided by 36.
35
Let l be (-58)/(-6) + (-10)/15. Suppose 0 = 10*f - 3*f - 35. Suppose -l*b + 164 = -f*b. Calculate the remainder when 81 is divided by b.
40
Let f = -159 - -197. Let p = f - -32. Suppose 2*u - 6 = 12. What is the remainder when p is divided by u?
7
Let s(p) = 172*p**2 - 24*p + 64. Let m be s(3). Suppose -5*l + 850 + m = 0. What is the remainder when l is divided by 96?
94
Let h(l) = -314*l + 4870. What is the remainder when 605 is divided by h(15)?
125
Suppose -115*y = -6001 - 6074. Let o = -17 - -27. What is the remainder when y is divided by o?
5
Let p(a) = 14*a**2 + 4*a. Suppose 52*x - 8 = 48*x. Suppose 175 = x*y + 3*y. Calculate the remainder when p(3) is divided by y.
33
Suppose 32*b + 15*b = 2272 + 219. Calculate the remainder when -1*5*422/(-5) is divided by b.
51
Let a(k) = k**3 + 25*k**2 - 127*k + 85. What is the remainder when a(-29) is divided by 34?
30
Let v = -59 - -56. Let d = 18 + v. Suppose 0*u + u = d. What is the remainder when 59 is divided by u?
14
Suppose 3*q + 2*l = 340, 5*q - 681 = 5*l - 56. What is the remainder when 792 is divided by q?
84
Let p = -114 - -116. Suppose -5*c + 15*t = 20*t - 105, -p*t = -10. Calculate the remainder when 50 is divided by c.
2
Let i(v) = -155*v + 328. What is the remainder when i(2) is divided by 4?
2
Let q(n) = n**2 - 10*n + 5. Let f be q(10). Suppose -4*g = z - f*g - 9, 4*z - 43 = -3*g. Suppose -3*r + 5 = -103. What is the remainder when r is divided by z?
6
Suppose l = -l - 4*q - 2, -11 = -l + 2*q. Suppose l + 5 = 5*p. Suppose -t = -p*x + 3, 2 = -2*x + 2*t + 4. What is the remainder when 5 is divided by x?
1
Suppose -5*n + 545 = 5*b - 170, -2*b - 2 = 0. Let v = -2005 + 2009. Suppose n = 2*y + v*y. Calculate the remainder when 71 is divided by y.
23
Let t be 2/14 - 108/(-28). Suppose -5*i + 3*j + 2 = 5*j, 2*j = t*i - 16. Suppose -i*y + 78 + 40 = 0. Calculate the remainder when y is divided by 12.
11
Let d(v) = -68*v**3 + 3*v**2 - 3*v - 6. Calculate the remainder when 2378 is divided by d(-1).
66
Let f be (-124)/(-14) + 53/371. Let x(o) = 23*o - 66. What is the remainder when x(f) is divided by 12?
9
Let z be (11/2 + -1)/((-216)/1152). Let k(h) = 2*h + 109. Calculate the remainder when k(z) is divided by 16.
13
Let s(a) = 2*a - 18. Suppose 4*u + 0*u = 2*d - 800, -d + u + 404 = 0. What is the remainder when d is divided by s(14)?
8
Let r(x) = 55*x + 613. What is the remainder when r(34) is divided by 11?
8
Let l(w) = -5*w + 366. Let q be (336/35)/(4*3/30). Calculate the remainder when l(q) is divided by 25.
21
Let t be 277/2 + 20/40. Suppose -a - 69 = -4*a + 3*z, t = 5*a + 3*z. What is the remainder when 310 is divided by a?
24
Let f = -3785 + 3881. Calculate the remainder when 795 is divided by f.
27
Suppose 181 + 104 = 15*h. Calculate the remainder when h is divided by 14.
5
Let q(h) = 7*h + 3. Let y be q(9). Let v = y + 3. Suppose 0*f + 2*o = 4*f - 74, -4*f = 3*o - v. What is the remainder when 52 is divided by f?
16
Suppose 4*r + 19 - 31 = 0. Suppose 0 = u, r*u + 12 = 4*k + 4*u. Calculate the remainder when 183 is divided by k.
0
Suppose -22*r + 18*r = -12, 2*z - r = 1335. What is the remainder when z is divided by 67?
66
Let l be (396/(-270) + (-4)/(-30))*6/4. Suppose 4*n = j - 3*j - 488, -5*n - 970 = 4*j. What is the remainder when 135 is divided by j/(-7) + 3*l/21?
33
Let m(b) = -2*b**3 - 4*b - 16. Let t be m(-5). Let w = 295 - t. Suppose 3*f = 2*l - 21, l + 4*f + 24 = 3*l. Calculate the remainder when w is divided by l.
5
Suppose -34 = -4*l + 4*g - 10, 30 = 5*l - g. Suppose f + l*f = 84. Suppose -1 = -3*c - 5*b + 3, 0 = 3*b + f. Calculate the remainder when c is divided by 4.
0
Let h(y) = -y**3 + 15*y**2 - 25*y - 2. Let g = 270 - 257. Calculate the remainder when 27 is divided by h(g).
5
Suppose 5*r - 5*h = 150, r - 5*h - 36 = -2*h. Calculate the remainder when (-1)/(-4) - 2277/(-44) is divided by r.
25
Let a(u) = -20*u - 7*u + 13*u - 32*u + 293 - 63. Calculate the remainder when a(0) is divided by 59.
53
Suppose -5*l = 3*j - 725, 5*j - 50 + 667 = 4*l. Calculate the remainder when 258 is divided by l.
110
Suppose 69*u - 2680 = 2*u. Calculate the remainder when 2